*3 - 36*i + 1/2*i**2 + 0 + 11/12*i**4. Let o be (2/6 - 0)*3. Calculate z(o).
11
Let i(d) = 74 - 26 - 7*d - 47. Give i(4).
-27
Suppose 2 = -4*d + 22. Suppose -2*h = d*w + 44, -4*h = -0*w - w. Let q(x) = x**2 + 7*x - 8. Let f be q(w). Let n(p) = p**3 - p**2 + p - 11. What is n(f)?
-11
Let o be 0 + -1 + (-2 - -3). Let p(f) = 57 - 110 + 62 + f**3. Calculate p(o).
9
Let s(j) = 2*j + 4. Let n = 511 - 506. Give s(n).
14
Let i(g) = -45*g**3 - 2*g**2 - 3*g - 1. Let u(l) = -5*l**2 + 17*l + 77. Let t be u(6). Give i(t).
45
Let b(j) = -10*j**2 + 1. Let p be 216/324*6/4. What is b(p)?
-9
Let n(c) = -c**3 - 11*c**2 - 7*c + 29. Let s(b) = -2*b**2 + 15*b - 2. Let i be s(8). Give n(i).
-1
Let q(k) be the second derivative of -k**5/20 + 7*k**4/12 - k**3 - 3*k**2/2 - 5*k. Let z(j) = -3*j + 12. Let t be z(10). Let f = -12 - t. What is q(f)?
-3
Let f be (0 + -1)*(-1 - -2). Let z = f - -2. Let j(y) be the second derivative of -5*y**3/3 + y**2/2 + 5*y - 2. Give j(z).
-9
Suppose 2*a - 16 = 4. Let n(s) = s**3 - 9*s**2 - 10*s + 3. Let c be n(a). Let h(d) = -3*d + 48*d**c - 22*d**3 + 1 - 25*d**3 + 3*d**2. What is h(-3)?
10
Let p(r) = -4*r + 13. Let v be p(5). Let x(l) = -l**3 - 7*l**2 + 8. Give x(v).
8
Let b(f) = -3*f + 740*f**2 - 1489*f**2 + 748*f**2. Let w(s) = s**3 + 3*s**2 - 3. Let k be w(-3). Give b(k).
0
Let m(l) = -l**3 - 5*l**2 - 3*l - 7. Suppose 5*r = 0, -4 = u - 3*r + r. Give m(u).
-11
Let f(g) be the first derivative of -g**2 - g + 100. Determine f(2).
-5
Let t(d) = 5*d**2 + d**2 + 0*d**2 - 9 - 7*d**2. What is t(0)?
-9
Let b = -8 - 1. Let h(c) = -c - 10. Give h(b).
-1
Let x be (-6)/(-4) - (-1)/2. Let p(g) = x - 40*g - 1 + 54*g. Calculate p(-1).
-13
Let h(i) = -i**3 - 8*i**2 - 6*i + 9. Let o be h(-7). Let a(x) = -1 + 2*x - x - o. Suppose 8 - 98 = -18*t. Calculate a(t).
2
Let j(p) = -16*p**2 + 19*p + 5. Let l(w) = 7*w**2 - 9*w - 3. Let c(s) = 3*j(s) + 7*l(s). Determine c(5).
-11
Let x(z) = -4*z**2 - 9*z. Let h(i) = 3*i**2 + 10*i. Let w(n) = 3*h(n) + 2*x(n). Give w(-12).
0
Let l(m) = 5*m**2 + 4*m + 9. Let i(o) = -7*o**2 - 2*o - 10. Let w(k) = -3*i(k) - 4*l(k). Calculate w(8).
-22
Let f = 771 - 763. Let x(h) = -h**3 + 9*h**2 - 10*h + 3. Calculate x(f).
-13
Let j(c) = c**3 + 2*c**2 - 3*c - 3. Let y be j(-2). Let n be 10/55 + 40/22. Let g(z) = -4*z + z**3 - 2*z**2 + 6 - 4 + n. Calculate g(y).
1
Suppose 0 = -0*z + 2*z - 5*y + 6, -4*z - 3*y + 14 = 0. Suppose i = -z*i + 9. Let v(r) = 3*r + 0*r - 6*r - 2. Determine v(i).
-11
Let i(d) = 3*d**2 - 4*d - 3. Suppose 29*v - 39*v - 20 = 0. Calculate i(v).
17
Let d(s) be the first derivative of s**3/3 + 3*s**2 - s + 8. Let c be (-3 - -3)/(-1 - 0). Suppose c = 5*x + 6 + 19. Determine d(x).
-6
Let s(z) = z**2 + 12*z + 11. Let u be s(-13). Suppose -7*d + u = -3*d. Let r(n) = 3 + n - 10*n - n**2 + d*n. Determine r(-5).
-7
Let v(x) = x**3 + 10*x**2 + 2*x + 5. Suppose 1071*y = 1088*y + 153. What is v(y)?
68
Let p(u) = -u**3 + 3*u + 2. Suppose -5*m - 1 = a - 21, -19 = 2*m - 5*a. Give p(m).
-16
Let v(k) be the third derivative of -k**6/120 + k**5/10 - k**4/6 + k**3/6 + 2*k**2. Let g(j) = 4*j**2 + 23*j - 5. Let m be g(-7). Let l = m + -25. Give v(l).
6
Let k be ((-35)/(-70))/((-2)/(-12)). Let i(c) = -c**2 - 5*c + 3. Give i(k).
-21
Let w = 14 + 4. Let n = w + 12. Let i = 30 - n. Let k(o) = -o**3 - o**2 + 5. Give k(i).
5
Suppose 26 = 5*d - 24. Let i be (-8)/16 + d/4. Suppose -5*s + 6 = -i*s. Let z(r) = -3*r + 1. Calculate z(s).
-5
Let s(f) = f**2 - 1. Let d = 338 + -338. Give s(d).
-1
Let q(c) = c**2 + c + 1. Let p = -31 + 28. Let m(r) = -4*r**2 - 7*r + 4. Let j(w) = p*q(w) - m(w). Determine j(-6).
5
Let i(x) = 1057 + 4*x - 2*x - 1060. Determine i(-8).
-19
Let p(c) = 4 + 3*c**2 + 61*c - 10*c**3 - 62*c + 11*c**3. Give p(-3).
7
Let k(n) = 2*n**2 + 2*n - 3. Let w(p) = -p**2 - 22*p - 66. Let y be w(-18). Let g be (y/10)/(3/(-15)). Give k(g).
9
Let r(b) = -2*b**2 + 9*b - 10. Suppose -w - 55 = -12*w. Give r(w).
-15
Let u(b) = 9*b**3 + 2*b**2 - 17*b + 12. Let f(k) = -7*k**3 - 3*k**2 + 12*k - 11. Let l(n) = 4*f(n) + 3*u(n). Give l(-6).
10
Let x(o) be the second derivative of -o**3/6 + 5*o**2 + 12*o. Suppose 3*p - 3*p = -3*p. Calculate x(p).
10
Suppose -4 = -4*n + 4*w, 2*n - 3*w - 6 = -2*n. Let r(q) = 3*q**2 - q**n + 69*q - 9*q**2 + 7 - 63*q. Give r(-7).
14
Let v(m) = -m**3 + 2*m**2 - 3*m + 3. Let q = 28 + -22. Suppose 2*g - 3*d - q = 0, d + 10 + 5 = 5*g. Determine v(g).
-15
Let k be 40/(-7) + (-4)/14. Let z(u) be the first derivative of 1/3*u**3 + 7/2*u**2 - 2*u - 22. Determine z(k).
-8
Let b(u) be the third derivative of u**6/360 - u**5/30 - u**4/24 + u**3 - 11*u**2. Let h(z) be the first derivative of b(z). Calculate h(3).
-4
Let k(h) be the second derivative of h**3/6 - 4*h**2 - 8*h. Suppose 4*j - 40 = -4*l - j, -j - 16 = -4*l. Determine k(l).
-3
Let y(i) be the third derivative of -i**5/20 - i**4/24 - i**3/3 + 292*i**2. Give y(-2).
-12
Let y(o) = -2*o**3 + 3*o**2 + o - 4. Let w be y(2). Suppose -3*x = -4*x + 6. Let t(r) = x*r**2 + 7 - 42*r**3 + 43*r**3 - 6*r - r**2. Calculate t(w).
7
Let y(k) = -34*k - 20*k + 86*k - 2*k**3 + 1 - 33*k. Give y(1).
-2
Let y(a) = -4*a**3 + a**2 - 4*a + 5. Let o(m) = -m**3 + m - 2. Let l(h) = 3*o(h) + y(h). Give l(-1).
8
Let v(h) be the third derivative of h**6/15 + h**5/60 + h**4/24 + h**3/6 - 9*h**2. Suppose 6*y = -0*y + 24. Suppose y*l + 5 = -l. Calculate v(l).
-7
Let d(t) = -t - 1 + 1 - 6 - 5. Let f(x) = -2*x - 11. Let p(u) = 3*d(u) - 2*f(u). Calculate p(0).
-11
Let n(h) = -h**2 + 9*h + 7. Let g(t) be the second derivative of t**4/6 + t**3/3 - 5*t**2/2 + 28*t. Let z be g(-3). Determine n(z).
21
Let a(s) = s**2 + 5. Let i(t) = -8*t**2 + 2*t - 19. Let m(l) = -3*a(l) - i(l). Give m(1).
7
Let q be ((1 - -3) + -7)/(12/8). Let r(s) = -22*s - 1. Calculate r(q).
43
Let h(k) = 7*k - 1. Suppose -28*x + 5 = -23*x. Suppose -2*t + x = -1. Calculate h(t).
6
Let k(t) = -111*t - 879. Let v be k(-8). Let u(r) be the first derivative of r + 1/2*r**2 + v + 1/3*r**3. What is u(-1)?
1
Let b be 7 + 6 + (-12)/2. Let q(v) = -v**2 + 5*v - 3. Calculate q(b).
-17
Let h(k) = -14*k + 365. Let s be h(27). Let p(r) = -2*r - 10. Determine p(s).
16
Let t(x) = 1 + 31*x**2 - 2*x + 31*x**2 - 59*x**2. What is t(2)?
9
Let u = -7262 - -7261. Let z(j) be the second derivative of j**4/2 + j**3/3 + j**2/2 + j. Calculate z(u).
5
Let t = 4 + -1. Let l(z) = -z**3 + 3*z + 1. Let n(h) = -h**3 - 2*h**2 + 2*h + 5. Let k(v) = -2*l(v) + n(v). Determine k(t).
0
Let o(v) = 3*v + 2 - 4*v + 3*v + 6*v**2 + 0*v. Let m(h) = h**2 - h + 1. Let d(p) = -5*m(p) + o(p). What is d(-6)?
-9
Let f be (-24)/(-6) - -3 - 0. Let w(m) = m - 2. Give w(f).
5
Let o = 9 + -4. Suppose 3*v - 5*a = -4, 2*v = -0*v + 4*a - 4. Let d(l) = l**v - 2*l**2 - l + 5*l + 20 - 19. Give d(o).
-4
Let b(p) = p**2 + 5*p. Suppose -2*v + s = -3, -2*v - 2*v + 41 = 5*s. Calculate b(v).
36
Let h(z) be the first derivative of z**2/2 + z + 57. Determine h(2).
3
Let f be (-6)/(-4) - ((-42)/56 + 2/8). Let d(r) be the second derivative of 1/2*r**2 - 1/2*r**3 + 2*r + 0. Determine d(f).
-5
Let m(v) = v**3 - 6*v**2 - v + 1. Let s be m(6). Let q = -16 - -20. Let l(r) = 2*r + r**3 + r**2 + 1 + 12 - 9 + q*r**2. What is l(s)?
-6
Let n(y) = -y**2 + 11*y - 29. Let r = -1207 + 1214. Give n(r).
-1
Let j(z) = z**2 + 5*z + 6. Let f be (-58)/10 + 12/15. Let s be j(f). Suppose 3*c = n - 3 + s, -2*c = 2*n - 2. Let o(g) = 5*g**2 - g. What is o(c)?
4
Let h(q) = -q**2 - 6*q - 11. Suppose -2*z + 3*i = -8, -2*z - 3*i = 2*i + 24. Let w be h(z). Let b(m) = -m**2 - 4*m - 3. What is b(w)?
0
Let w = 464 - 459. Let j(t) = t**2 - 5*t + 6. Determine j(w).
6
Let c be (85/(-68))/((-5)/8). Let f(l) = 2*l**3 - l**2 - 3*l - 2. Give f(c).
4
Suppose -5*s = 2*c + 14, -29 = 2*s - 2*c - 15. Let k(n) = -2*n. Determine k(s).
8
Let y(s) = s**3 - 3*s**2 - 3*s + 15. Let w be y(4). Let v(f) = f**2 - 17*f - 33. Give v(w).
5
Let m(t) = -t**2 + t - 1. Let j(z) = -6*z**2 - 2*z - 4. Let o(c) = j(c) - 4*m(c). Suppose -5 = h + 5*h + 19. Calculate o(h).
-8
Let x(p) = -p**2 - p + 15. Suppose -13*s = -9*s - 3*u - 24, -4*s = 4*u + 4. Let f be (-63)/84 - s/(-4). Determine x(f).
15
Suppose -o + 6*o + 160 = 0. Let p = o + 23. Let j(q) be the third derivative of -q**6/120 - 2*q**5/15 + 5*q**4/12 + 7*q**3/6 + 3*q**2. Give j(p).
-2
Let r(w) = 2*w**2 + 2*w + 2. Let l(z)